 - 1. What is the units digit of x?
8
Let o be (-1*1)/(4/8). Let l = -2 - o. Suppose -x + 6 + 2 = l. What is the units digit of x?
8
Suppose -d - 5*v = -54, -8 + 106 = 2*d + 5*v. What is the tens digit of d?
4
Let g(j) = 2*j**2 + 4*j + 3. Let c be g(-2). Let p(l) = l**2 - 5 + 5 + c + l + l**3. What is the units digit of p(0)?
3
Suppose -y = y + 4. Suppose 48 = 7*j - 2*j + 4*p, -28 = -4*j + 2*p. Let d = y + j. What is the units digit of d?
6
Let o be 6/9 - 21/(-9). Suppose -g + 75 = 4*r, -4*r - o*g + 95 = -6*g. What is the units digit of r?
0
Let p(f) = f**2 + 5*f + 6. Suppose 0 = u + u - 10. Suppose u*i = i - 16. What is the units digit of p(i)?
2
Let c(d) = -4*d**2 - 4*d**3 + 5*d**2 + 5*d**3. Let g be c(0). Let v(l) = l + 14. What is the units digit of v(g)?
4
Let v(t) = 3*t**2 + 11*t - 2. Let d(m) = -4*m**2 - 12*m + 2. Let s(h) = 4*d(h) + 5*v(h). What is the tens digit of s(4)?
1
Suppose -3*p = 3*h - 2*p - 6, -4*p = -h + 2. Let o(n) = n**2 - n + 2. Let r be o(2). Suppose r*j - g = 61, -h*j - 2*g + 0*g = -38. What is the tens digit of j?
1
Let m(y) be the third derivative of y**5/30 - y**3/3 + 2*y**2. What is the units digit of m(2)?
6
Suppose 0 = -3*j - 3*r + 114, -2*j + 78 + 13 = -3*r. What is the units digit of j?
1
Suppose r + 12 = -0*r. Let h = -8 - r. What is the units digit of h?
4
Let q(i) = 4*i + 13. Let a be q(-8). Suppose 3*d = -58 - 62. Let g = a - d. What is the units digit of g?
1
Let p = -6 - -6. Let d be 30/(2*2/4). Suppose p = 2*m + m - d. What is the tens digit of m?
1
What is the tens digit of (1 + 1)/((-10)/(-185))?
3
Suppose 2*q - 39 + 11 = 0. Let j = q - 31. What is the tens digit of (-11 - -9) + (1 - j)?
1
Let y(w) = 2*w + 1. Let v(x) = 12*x + 5. Let q(n) = 6*v(n) - 39*y(n). What is the tens digit of q(-10)?
5
Let t(y) = y**3 + 17*y**2 - 18*y + 7. What is the units digit of t(-18)?
7
Let j(y) = y**3 - 6*y**2 + 6*y. Let c(r) = 5*r. Let w(s) = -s**3 + 3*s**2 + 4*s + 1. Let t be w(4). Let x be c(t). What is the units digit of j(x)?
5
Suppose 29*w - 27*w - 112 = 0. What is the tens digit of w?
5
Let q(y) = 15*y + 10. What is the tens digit of q(17)?
6
Let l be -2*1 + 1 + 1. Let q = l + 0. Suppose 0 = 3*k + 12, q = -f + 2*k - 0*k + 19. What is the units digit of f?
1
Suppose 3*h + 27 = -0*h. Let d = h - -1. What is the units digit of (28/d)/(1/(-2))?
7
Let x = 7 - 5. Suppose 2*m + 4 = -x*o, -2*o - 2*m + 2 = 3*o. What is the units digit of o?
2
Let l(h) = 10*h**2 - 7*h - 8. What is the units digit of l(-3)?
3
Let n = 33 + 21. What is the units digit of n?
4
Let m = 4 + -2. Suppose -15 = 3*x + 3*a, -x + 4*a = x - 20. Suppose u + m*u - 15 = 0, -2*r + u + 11 = x. What is the units digit of r?
8
Let z be -2 + (2 - 1) - -1. Suppose 0 = -3*u - 2*p - 5, z = 4*u + 3*p + 1 + 7. What is the units digit of (5/4 - u)*4?
1
Let c(v) = v**3 + 7. What is the tens digit of c(3)?
3
Let x = 13 - 8. What is the units digit of x?
5
Let i be 18/(-135) + (-206)/30. Let d(l) = 4 + 1 + 0 - 7*l - l**2. What is the units digit of d(i)?
5
Let v be 10 + -1 - (-3 - -4). Suppose 24 = 2*i - 4*x, -2*x = v + 2. What is the units digit of (-4 - (-2)/i)*-1?
3
Let s(c) = -20*c - 29. What is the tens digit of s(-7)?
1
Suppose 2*w + 2 = -b, -1 = -0*b + 3*b + w. Suppose -57 = -3*t - b*t. What is the units digit of t?
9
Suppose -j = -4*j. Suppose j = -3*i + 7*i - 176. Suppose 2*x = -2*x + i. What is the units digit of x?
1
Suppose 3*q + 4*z - 224 = 0, q - 2*z - 41 = 47. What is the units digit of q?
0
What is the tens digit of (-2)/((-3)/6 - 49/(-106))?
5
Suppose 2*a - 4 = -0*a. Let s(p) = 3*p + p**2 - a*p + 0*p**2. What is the units digit of s(-2)?
2
Let n(c) = -2*c + 7. Let z be n(-7). Let q(l) = -l - 7. Let p be q(5). Let s = p + z. What is the units digit of s?
9
Let l = 0 - -5. Let x = 8 - l. What is the units digit of x?
3
Let h = 106 - 13. What is the tens digit of h?
9
Suppose 0*h + 5*j + 3 = -2*h, h = 4*j + 5. What is the tens digit of h*19 - (-8 - -4)?
2
Let d be -1 + -3 + 2 + 4. Suppose -d*m = -4*m + 64. What is the tens digit of m?
3
Let m(w) = 2*w**2 - 13*w + 8. What is the tens digit of m(8)?
3
Let y = 72 - 42. What is the tens digit of y?
3
Suppose 5*s = -w + 287, 3*w - 4 - 2 = 0. What is the units digit of s?
7
Let l(h) = -h**2 + 6*h - 4. Let y be l(5). Let z be (-1 - y)*1/(-1). Suppose 5*q - q + z*g = 30, -g + 22 = 3*q. What is the units digit of q?
7
Let i = -29 + 8. What is the tens digit of (i - -3)/((-6)/8)?
2
Suppose 5*y - q + 45 = 0, -3*y + q = 14 + 11. Let d(v) = -v**2 - 11*v - 4. What is the units digit of d(y)?
6
What is the units digit of (1 + -5)*(435/(-12) - 1)?
9
Suppose 3*h + 2*n = 22, -5*h + 9 = 5*n - 31. Suppose h*i - 2*i = 44. What is the units digit of i?
1
Let q(f) = 9*f - 2. What is the tens digit of q(8)?
7
Let c(v) be the first derivative of 2*v**3 + v**2 - 2*v - 6. What is the tens digit of c(-2)?
1
Suppose 2*s - 5*s = 6. Let t(z) = z**2 - 6*z - 1. Let x be t(6). Let u = x - s. What is the units digit of u?
1
Let h = -3 - -6. Suppose x + h = 19. What is the tens digit of x?
1
Let d = -3 - 2. Let r(b) = -b**3 - b**2 + b + 1. Let y(m) = -6*m**3 - 14*m**2 - 3*m + 13. Let x(i) = d*r(i) + y(i). What is the units digit of x(-8)?
8
Let s(g) = -g**3 + g**2 + 5. Suppose 3*a + 11 = -2*n, -5*n + 5*a + 3 = -7. Let i be (n - (-1 + 0))/1. What is the units digit of s(i)?
5
Suppose -s + 3*s + 2 = 0. Let q = s + 4. What is the units digit of q?
3
Suppose -4*j = 4*w - 2*w - 36, -5*j - 3*w + 47 = 0. What is the units digit of j?
7
Let d = 76 - -36. What is the tens digit of d?
1
Suppose 5*r - 133 + 33 = 0. Suppose -2*f + r = 2*f. What is the units digit of f?
5
Let v be -6*(-12 - (-4 + 2)). Suppose -5*w + 5*f + v = 0, -6 = -2*w + 3*f + 21. What is the units digit of w?
9
Let g(c) = c**3 + 5*c**2 + 2*c - 4. Let v be g(-4). Suppose -v*t - m = -11, 4*m = -2*t - 2*t - 4. What is the units digit of t?
4
Suppose 0 = -r + 4*o + 35, -212 = -7*r + 3*r - 2*o. Suppose -4*x + 25 = -r. What is the tens digit of x?
1
Suppose 0*t = 3*t + 18. Let q(w) = w**2 + 3*w - 6. What is the units digit of q(t)?
2
Let o(d) = 63*d**2 - 6*d. Let x be o(-4). What is the units digit of x/27 + 2/(-9)?
8
Let n(o) = 13*o**2 - 8*o + 8. What is the hundreds digit of n(4)?
1
Suppose 0 = -5*z + 2*m + 151, 2*z + 2*m = m + 64. Let t = z - 18. What is the units digit of t?
3
Let x(u) be the first derivative of u**3 - 3*u - 4. What is the units digit of x(3)?
4
Suppose 0 = 6*z - 1058 - 382. What is the tens digit of z?
4
Let g = 16 - 10. What is the units digit of 4/(-2) + g*2?
0
Let r(a) = -14*a + 6. Let b be r(-3). Let n = b + -25. What is the tens digit of n?
2
Let r(n) be the third derivative of n**6/120 + n**5/20 - n**4/6 + n**3/2 - 4*n**2. What is the units digit of r(-4)?
3
Let n be 4/(-14) - 160/28. Let v(f) = f**2 + 8*f + 2. Let q be v(n). Let r = q + 20. What is the tens digit of r?
1
Let w be 2/(-2)*(-1 + -3). Suppose -2*y = 2*y - 4*m - 8, -w*m = -3*y + 6. What is the units digit of y?
2
Let a be (-1)/((-2)/4*2). Suppose -3*n - 49 = -2*l, a - 4 = -3*n. What is the tens digit of l?
2
Suppose 2*j + 2*j - 4 = 0. Let d(h) = 24*h**2 - 2*h + 1. Let r be d(j). Suppose -2*c + 4 = -2*x - x, 5*c = x + r. What is the units digit of c?
5
Let l(x) = -10*x + 1. Suppose 4*q + 3 = -1. What is the tens digit of l(q)?
1
Suppose -206 + 32 = -3*s. What is the units digit of s?
8
Suppose 0 = -3*m + 291 - 69. What is the units digit of m?
4
Let j(k) = k**3 + 16*k**2 - k - 19. Let w be j(-16). Let i(o) = -o**3 - 3*o - 2. What is the tens digit of i(w)?
3
Let q be (5/(-4))/((-4)/(-16)). Let b = q - -5. Suppose -2*y + b = -2. What is the units digit of y?
1
What is the tens digit of 32 + 2 - (0 - -3)?
3
Suppose 2*m - 2 = 6. What is the tens digit of (m/(-6))/((-6)/180)?
2
Suppose 0 = 2*o - 0*o - 10. Suppose -2 = -s - 0, s = -o*k + 2. Suppose -4*t + 11 + 25 = k. What is the units digit of t?
9
Let a(y) = 2*y**2 + y + 93. What is the units digit of a(0)?
3
Suppose 4*k + 8 = -j, -5*j + 9 = 4*k - 31. What is the tens digit of (-328)/(-12) + (-4)/j?
2
Suppose q + 3*q = 20. Suppose b - 6 = -1, 3*b = -q*z + 340. Suppose z = 4*h + 13. What is the units digit of h?
3
Let a = 17 - -13. What is the tens digit of a?
3
Suppose 223 = 3*d - 4*y - 208, 2*d = 4*y + 290. What is the units digit of d?
1
Let j(y) 